{"id":27,"date":"2011-04-27T12:25:00","date_gmt":"2011-04-27T12:25:00","guid":{"rendered":"http:\/\/aktuell.artsteps.de\/?page_id=27"},"modified":"2026-01-11T08:52:34","modified_gmt":"2026-01-11T08:52:34","slug":"veroffentlichungen","status":"publish","type":"page","link":"https:\/\/www.artsteps.de\/?page_id=27","title":{"rendered":"Ver\u00f6ffentlichungen"},"content":{"rendered":"\n<p><\/p>\n\n\n\n<p><strong>ICH WERFE NICHT DAS HANDTUCH &#8211; I DON\u00b4T THROW THE TOWEL<\/strong><\/p>\n\n\n\n<p>&#8222;ICH WERFE NICHT DAS HANDTUCH&#8220;- THE SELECTED EDITION !<\/p>\n\n\n\n<p>GEDICHTE UND ZEICHNUNGEN RUND UM DAS MEER, DAS WASSER UND MEHR<\/p>\n\n\n\n<p>POETRY AND DRAWINGS ROUND THE SEA, THE WATER AND MORE<\/p>\n\n\n\n<p><\/p>\n\n\n\n<figure class=\"wp-block-image size-large\"><a href=\"https:\/\/www.artsteps.de\/wp-content\/uploads\/2026\/01\/Handtuch2.jpeg\"><img loading=\"lazy\" decoding=\"async\" width=\"793\" height=\"1024\" src=\"https:\/\/www.artsteps.de\/wp-content\/uploads\/2026\/01\/Handtuch2-793x1024.jpeg\" alt=\"\" class=\"wp-image-942\" srcset=\"https:\/\/www.artsteps.de\/wp-content\/uploads\/2026\/01\/Handtuch2-793x1024.jpeg 793w, https:\/\/www.artsteps.de\/wp-content\/uploads\/2026\/01\/Handtuch2-232x300.jpeg 232w, https:\/\/www.artsteps.de\/wp-content\/uploads\/2026\/01\/Handtuch2-768x991.jpeg 768w, https:\/\/www.artsteps.de\/wp-content\/uploads\/2026\/01\/Handtuch2.jpeg 1124w\" sizes=\"auto, (max-width: 793px) 100vw, 793px\" \/><\/a><\/figure>\n\n\n\n<p><\/p>\n\n\n\n<p><\/p>\n\n\n\n<p><\/p>\n\n\n\n<p><\/p>\n\n\n\n<p><\/p>\n\n\n\n<p><\/p>\n\n\n\n<p><\/p>\n\n\n\n<p><\/p>\n\n\n\n<p><strong>Der Loreleyroman ist erschienen!<\/strong><br>Titel: Loreley auf Abwegen.<br>erschienen im BOD-Verlag<br>ISBN 13: 978-3-8334-6805-6<\/p>\n\n\n\n<figure class=\"wp-block-gallery has-nested-images columns-default is-cropped wp-block-gallery-1 is-layout-flex wp-block-gallery-is-layout-flex\"><\/figure>\n\n\n\n<p>Pressestimmen:<br>Mit Intelligenz, Esprit und Tiefgang (Augsburger Allgemeine)<br>Lesung mit Anmut und Charisma (Aichacher Nachrichten)<br>Locker, witzig, zog die Zuh\u00f6rer in ihren Bann (Aichacher Zeitung)<br>Eine unglaubliche Bandbreite von Erlebnissen (Neue Szene Augsburg)<\/p>\n\n\n\n<p>Die international arbeitende K\u00fcnstlerin erregte mit ihrer<br>Kunstaktion &#8220; Schritte ins n\u00e4chste Jahrtauesend&#8220; weltweit Aufsehen.<br>Mit ihren wei\u00dfen Stiefeln schuf sie ein einmaliges<br>v\u00f6lkerverbindendes, historisches Kunstwerk und Dokument.<br>Neben ihrer Aktionskunst ist sie in den Bereichen Malerei,<br>Installation Skulptur, Tanz und Lyrik t\u00e4tig.<br>Der Mensch und sein Dasein in Wechselwirkung mit der<br>Gesellschaft ist oft Mittelpunkt ihres Schaffens.<\/p>\n\n\n\n<p>Silvia Philipp verkn\u00fcpft philosophisches Gedankengut<br>mit geschichtlichen, naturwissenschaftlichen und sakralen Aspekten.<br>Ihre Kunst setzt ein Gegengewicht zur Schnelllebigkeit, sie stellt vielmehr Fragen,<br>blickt voraus, zur\u00fcck, reflektiert<br>und regt zur intensiveren Auseinandersetzung an.<\/p>\n","protected":false},"excerpt":{"rendered":"<p>ICH WERFE NICHT DAS HANDTUCH &#8211; I DON\u00b4T THROW THE TOWEL &#8222;ICH WERFE NICHT DAS HANDTUCH&#8220;- THE SELECTED EDITION ! GEDICHTE UND ZEICHNUNGEN RUND UM DAS MEER, DAS WASSER UND MEHR POETRY AND DRAWINGS ROUND THE SEA, THE WATER AND &hellip; <a href=\"https:\/\/www.artsteps.de\/?page_id=27\">Weiterlesen <span class=\"meta-nav\">&rarr;<\/span><\/a><\/p>\n","protected":false},"author":4,"featured_media":0,"parent":0,"menu_order":0,"comment_status":"closed","ping_status":"closed","template":"","meta":{"footnotes":""},"class_list":["post-27","page","type-page","status-publish","hentry"],"_links":{"self":[{"href":"https:\/\/www.artsteps.de\/index.php?rest_route=\/wp\/v2\/pages\/27","targetHints":{"allow":["GET"]}}],"collection":[{"href":"https:\/\/www.artsteps.de\/index.php?rest_route=\/wp\/v2\/pages"}],"about":[{"href":"https:\/\/www.artsteps.de\/index.php?rest_route=\/wp\/v2\/types\/page"}],"author":[{"embeddable":true,"href":"https:\/\/www.artsteps.de\/index.php?rest_route=\/wp\/v2\/users\/4"}],"replies":[{"embeddable":true,"href":"https:\/\/www.artsteps.de\/index.php?rest_route=%2Fwp%2Fv2%2Fcomments&post=27"}],"version-history":[{"count":9,"href":"https:\/\/www.artsteps.de\/index.php?rest_route=\/wp\/v2\/pages\/27\/revisions"}],"predecessor-version":[{"id":953,"href":"https:\/\/www.artsteps.de\/index.php?rest_route=\/wp\/v2\/pages\/27\/revisions\/953"}],"wp:attachment":[{"href":"https:\/\/www.artsteps.de\/index.php?rest_route=%2Fwp%2Fv2%2Fmedia&parent=27"}],"curies":[{"name":"wp","href":"https:\/\/api.w.org\/{rel}","templated":true}]}}